{"id":3486,"date":"2025-06-07T03:40:25","date_gmt":"2025-06-07T01:40:25","guid":{"rendered":"https:\/\/ceaf.egovspace.com\/?page_id=3486"},"modified":"2025-06-10T14:37:00","modified_gmt":"2025-06-10T12:37:00","slug":"aumonerie-des-prisons","status":"publish","type":"page","link":"https:\/\/ceaf.fr\/index.php\/aumonerie-des-prisons\/","title":{"rendered":"Aum\u00f4nerie des prisons"},"content":{"rendered":"<div class=\"wpb-content-wrapper\"><p>[vc_row css=&#8221;.vc_custom_1749259736622{margin-top: 20px !important;padding-top: 50px !important;}&#8221;][vc_column][vc_custom_heading text=&#8221;Travail de l\u2019aum\u00f4nier : le culte en prison, la visite personnelle&#8221; font_container=&#8221;tag:h4|text_align:center&#8221; css=&#8221;&#8221;][\/vc_column][\/vc_row][vc_row css=&#8221;.vc_custom_1749259817091{padding-top: 70px !important;padding-bottom: 50px !important;}&#8221;][vc_column width=&#8221;1\/2&#8243;]\t\t<div  class=\"sigma_custom_images_wrapper sigma-custom-images-2082082550 sigma-shortcode-wrapper custom-images-style-2\">\r\n\t\t\t          <div class=\"img-group-2\">\r\n                          <img decoding=\"async\" src=\"https:\/\/ceaf.fr\/wp-content\/uploads\/2025\/06\/W8E0419-scaled.jpg\" alt=\"about\">\r\n                      <\/div>\r\n\t\t<\/div>\r\n\t\t[\/vc_column][vc_column width=&#8221;1\/2&#8243;][vc_column_text css=&#8221;&#8221;]<\/p>\n<p style=\"text-align: justify;\">La F\u00e9d\u00e9ration Protestante de France (FPF) regroupe la diversit\u00e9 protestante et sous sa commission Justice Aum\u00f4nerie des Prisons (JAP), elle assure le service permanent de l\u2019aum\u00f4nerie, par le biais de son aum\u00f4nier national et ses 9 aum\u00f4niers r\u00e9gionaux. Le service Justice et aum\u00f4nerie des prisons est pr\u00e9sent dans tous les \u00e9tablissements p\u00e9nitentiaires de France et d\u2019Outre-mer \u00e0 travers 377 aum\u00f4niers protestants issus des diff\u00e9rentes Eglises membres de la FPF.<\/p>\n<p style=\"text-align: justify;\">Les objectifs de la commission \u00ab Justice et Aum\u00f4nerie des Prisons \u00bb sont\u00a0:<\/p>\n<ul>\n<li style=\"text-align: justify;\">Assurer le service permanent de l\u2019aum\u00f4nerie des prisons.<\/li>\n<li style=\"text-align: justify;\">\u00c9tude et la r\u00e9flexion sur les questions p\u00e9nitentiaires de justice.<\/li>\n<li style=\"text-align: justify;\">Intervenir dans certains cas aupr\u00e8s de l\u2019Administration P\u00e9nitentiaire ou aupr\u00e8s du Garde des Sceaux en accord avec le pr\u00e9sident de la F.P.F.<\/li>\n<li style=\"text-align: justify;\">Informer les \u00c9glises et former ceux qui travaillent dans les prisons pour l\u2019exercice du service spirituel et moral aux d\u00e9tenus.<\/li>\n<\/ul>\n<p>[\/vc_column_text][\/vc_column][\/vc_row][vc_row full_width=&#8221;stretch_row&#8221; css=&#8221;.vc_custom_1749260381567{margin-bottom: 20px !important;background-color: rgba(228,50,54,0.09) !important;*background-color: rgb(228,50,54) !important;}&#8221;][vc_column css=&#8221;.vc_custom_1749184486239{padding-top: 50px !important;}&#8221;][vc_custom_heading text=&#8221;Dans l\u2019exercice du culte en milieu ferm\u00e9 &#8221; font_container=&#8221;tag:h4|text_align:center&#8221; css=&#8221;.vc_custom_1749260177578{padding-bottom: 30px !important;}&#8221;][vc_column_text css=&#8221;&#8221;]<\/p>\n<p style=\"text-align: justify;\">En tant que pasteur, nous avons toujours \u00e0 l\u2019esprit que l\u2019homme peut changer. Il faut lui donner sans rel\u00e2che cette chance et ne pas lui apposer une \u00e9tiquette de d\u00e9linquant ou de \u00ab criminel \u00e0 perp\u00e9tuit\u00e9 \u00bb. Nous essayons de prendre l\u2019homme dans sa totalit\u00e9 et de le mettre au centre du dispositif en le responsabilisant et en l\u2019encourageant.<\/p>\n<p style=\"text-align: justify;\">Notre minist\u00e8re consiste \u00e0 assurer une pr\u00e9sence de l\u2019Eglise aupr\u00e8s de personnes particuli\u00e8rement \u00e9prouv\u00e9es, quand bien m\u00eame elles seraient responsables de leur situation.<\/p>\n<p style=\"text-align: justify;\">Il s\u2019agit donc pour r\u00e9sumer en 4 mouvements notre travail c\u2019est : d\u2019<strong>\u00e9couter<\/strong>, d\u2019<strong>Accompagner<\/strong>, de\u00a0<strong>Cheminer<\/strong>\u00a0et de\u00a0<strong>T\u00e9moigner<\/strong>\u00a0d\u2019une esp\u00e9rance, et d\u2019une parole lib\u00e9ratrice du Christ. A savoir que le sel de l\u2019\u00e9vangile, m\u00eame discret, donnera saveur \u00e0 une vie d\u2019homme.<\/p>\n<p style=\"text-align: justify;\">Le pasteur F\u00e9licien Mas MIANGU est aum\u00f4nier r\u00e9gional des prisons depuis 11 ans. Responsable de 40 aum\u00f4niers protestants pour 13 \u00e9tablissements p\u00e9nitentiaires en R\u00e9gion parisienne (Grande et petite Couronne) qui repr\u00e9sentent 20 % de la population p\u00e9nitentiaire nationale,<\/p>\n<p style=\"text-align: justify;\"><em>Pour les pasteurs et membres de nos \u00e9glises qui se sentent appel\u00e9s \u00e0 ce minist\u00e8re, n\u2019h\u00e9sitez pas \u00e0 nous contacter pour plus d\u2019informations et conseils.<\/em><\/p>\n<p>[\/vc_column_text][\/vc_column][\/vc_row]<\/p>\n<\/div>","protected":false},"excerpt":{"rendered":"<p>[vc_row css=&#8221;.vc_custom_1749259736622{margin-top: 20px !important;padding-top: 50px !important;}&#8221;][vc_column][vc_custom_heading text=&#8221;Travail de l\u2019aum\u00f4nier : le culte en prison, la visite personnelle&#8221; font_container=&#8221;tag:h4|text_align:center&#8221; css=&#8221;&#8221;][\/vc_column][\/vc_row][vc_row css=&#8221;.vc_custom_1749259817091{padding-top: 70px !important;padding-bottom: 50px !important;}&#8221;][vc_column width=&#8221;1\/2&#8243;][\/vc_column][vc_column width=&#8221;1\/2&#8243;][vc_column_text css=&#8221;&#8221;] La F\u00e9d\u00e9ration Protestante [&hellip;]<\/p>\n","protected":false},"author":1,"featured_media":0,"parent":0,"menu_order":0,"comment_status":"closed","ping_status":"closed","template":"","meta":{"give_campaign_id":0,"_monsterinsights_skip_tracking":false,"_monsterinsights_sitenote_active":false,"_monsterinsights_sitenote_note":"","_monsterinsights_sitenote_category":0,"footnotes":""},"class_list":["post-3486","page","type-page","status-publish","hentry"],"aioseo_notices":[],"campaignId":"","_links":{"self":[{"href":"https:\/\/ceaf.fr\/index.php\/wp-json\/wp\/v2\/pages\/3486","targetHints":{"allow":["GET"]}}],"collection":[{"href":"https:\/\/ceaf.fr\/index.php\/wp-json\/wp\/v2\/pages"}],"about":[{"href":"https:\/\/ceaf.fr\/index.php\/wp-json\/wp\/v2\/types\/page"}],"author":[{"embeddable":true,"href":"https:\/\/ceaf.fr\/index.php\/wp-json\/wp\/v2\/users\/1"}],"replies":[{"embeddable":true,"href":"https:\/\/ceaf.fr\/index.php\/wp-json\/wp\/v2\/comments?post=3486"}],"version-history":[{"count":9,"href":"https:\/\/ceaf.fr\/index.php\/wp-json\/wp\/v2\/pages\/3486\/revisions"}],"predecessor-version":[{"id":3496,"href":"https:\/\/ceaf.fr\/index.php\/wp-json\/wp\/v2\/pages\/3486\/revisions\/3496"}],"wp:attachment":[{"href":"https:\/\/ceaf.fr\/index.php\/wp-json\/wp\/v2\/media?parent=3486"}],"curies":[{"name":"wp","href":"https:\/\/api.w.org\/{rel}","templated":true}]}}