{"id":151,"date":"2021-09-28T10:31:07","date_gmt":"2021-09-28T10:31:07","guid":{"rendered":"http:\/\/metropolitanhost.com\/themes\/themeforest\/wp\/sacreva\/?page_id=151"},"modified":"2025-07-03T03:28:08","modified_gmt":"2025-07-03T01:28:08","slug":"departements","status":"publish","type":"page","link":"https:\/\/ceaf.fr\/index.php\/departements\/","title":{"rendered":"D\u00e9partements"},"content":{"rendered":"<div class=\"wpb-content-wrapper\"><p>[vc_row css=&#8221;.vc_custom_1632825320815{padding-top: 110px !important;padding-bottom: 80px !important;}&#8221; row_css_sm=&#8221;.vc_custom_1632825320816{padding-top: 70px !important;padding-bottom: 40px !important;}&#8221;][vc_column]\t\t<div  class=\"sigma_service_wrapper sigma-service-1452517203 sigma-shortcode-wrapper service-style-2 service-layout-grid\">\n\t\t\t<div class=\"row\">\r\n\t\t\t<div class=\"col-xl-4 col-lg-6 col-md-6 col-sm-12\">\r\n\t\t\t  <a href=\"https:\/\/ceaf.fr\/index.php\/service\/formation-et-encadrement-theologiques-des-eglises\/\" class=\"sigma_service style-1\">\r\n                              <div class=\"sigma_service-thumb\">\r\n                  <i class=\"flaticon-sermon\"><\/i>\r\n                <\/div>\r\n                        <div class=\"sigma_service-body\">\r\n              <h5>Formation et Encadrement th\u00e9ologiques des \u00e9glises<\/h5>\r\n                        \t\t<p>Accompagner et former les \u00e9glises pour un service enracin\u00e9 et \u00e9clair\u00e9.<\/p>\r\n          \t\t            <\/div>\r\n                      <\/a>\r\n\t\t<\/div>\r\n\t\t\t\t<div class=\"col-xl-4 col-lg-6 col-md-6 col-sm-12\">\r\n\t\t\t  <a href=\"https:\/\/ceaf.fr\/index.php\/service\/culturel-economique-et-social\/\" class=\"sigma_service style-1\">\r\n                              <div class=\"sigma_service-thumb\">\r\n                  <i class=\"flaticon-heart\"><\/i>\r\n                <\/div>\r\n                        <div class=\"sigma_service-body\">\r\n              <h5>Culturel Economique et Social<\/h5>\r\n                        \t\t<p>Promouvoir le d\u00e9veloppement local par la culture, l\u2019\u00e9conomie et le social.<\/p>\r\n          \t\t            <\/div>\r\n                      <\/a>\r\n\t\t<\/div>\r\n\t\t\t\t<div class=\"col-xl-4 col-lg-6 col-md-6 col-sm-12\">\r\n\t\t\t  <a href=\"https:\/\/ceaf.fr\/index.php\/service\/vie-spirituelle\/\" class=\"sigma_service style-1\">\r\n                              <div class=\"sigma_service-thumb\">\r\n                  <i class=\"flaticon-praying\"><\/i>\r\n                <\/div>\r\n                        <div class=\"sigma_service-body\">\r\n              <h5>Vie Spirituelle<\/h5>\r\n                        \t\t<p>Favoriser la croissance et l\u2019\u00e9panouissement de la foi au sein des communaut\u00e9s.<\/p>\r\n          \t\t            <\/div>\r\n                      <\/a>\r\n\t\t<\/div>\r\n\t\t\t\t<div class=\"col-xl-4 col-lg-6 col-md-6 col-sm-12\">\r\n\t\t\t  <a href=\"https:\/\/ceaf.fr\/index.php\/service\/evaluation-des-projets-et-fondation-individualisee-ceaf\/\" class=\"sigma_service style-1\">\r\n                              <div class=\"sigma_service-thumb\">\r\n                  <i class=\"flaticon-charity\"><\/i>\r\n                <\/div>\r\n                        <div class=\"sigma_service-body\">\r\n              <h5>Evaluation des Projets et Fondation Individualis\u00e9e CEAF<\/h5>\r\n                        \t\t<p>Suivi personnalis\u00e9 pour garantir la r\u00e9ussite des projets.\r\n\r\n<\/p>\r\n          \t\t            <\/div>\r\n                      <\/a>\r\n\t\t<\/div>\r\n\t\t\t\t<div class=\"col-xl-4 col-lg-6 col-md-6 col-sm-12\">\r\n\t\t\t  <a href=\"https:\/\/ceaf.fr\/index.php\/service\/promotion-de-la-femme\/\" class=\"sigma_service style-1\">\r\n                              <div class=\"sigma_service-thumb\">\r\n                  <i class=\"flaticon-sun\"><\/i>\r\n                <\/div>\r\n                        <div class=\"sigma_service-body\">\r\n              <h5>Promotion de la Femme<\/h5>\r\n                        \t\t<p>Accompagner les femmes dans leur \u00e9panouissement spirituel et leur r\u00f4le essentiel au sein de la communaut\u00e9.<\/p>\r\n          \t\t            <\/div>\r\n                      <\/a>\r\n\t\t<\/div>\r\n\t\t\t\t<div class=\"col-xl-4 col-lg-6 col-md-6 col-sm-12\">\r\n\t\t\t  <a href=\"https:\/\/ceaf.fr\/index.php\/service\/communication-et-medias\/\" class=\"sigma_service style-1\">\r\n                              <div class=\"sigma_service-thumb\">\r\n                  <i class=\"flaticon-email\"><\/i>\r\n                <\/div>\r\n                        <div class=\"sigma_service-body\">\r\n              <h5>Communication et M\u00e9dias<\/h5>\r\n                        \t\t<p>Porter le message de l\u2019\u00c9vangile \u00e0 travers les outils modernes.<\/p>\r\n          \t\t            <\/div>\r\n                      <\/a>\r\n\t\t<\/div>\r\n\t\t\t\t<div class=\"col-xl-4 col-lg-6 col-md-6 col-sm-12\">\r\n\t\t\t  <a href=\"https:\/\/ceaf.fr\/index.php\/service\/la-jeunesse\/\" class=\"sigma_service style-1\">\r\n                              <div class=\"sigma_service-thumb\">\r\n                  <i class=\"flaticon-candles\"><\/i>\r\n                <\/div>\r\n                        <div class=\"sigma_service-body\">\r\n              <h5>La Jeunesse<\/h5>\r\n                        \t\t<p>Former une g\u00e9n\u00e9ration enracin\u00e9e dans la foi et engag\u00e9e pour l\u2019avenir.<\/p>\r\n          \t\t            <\/div>\r\n                      <\/a>\r\n\t\t<\/div>\r\n\t\t<\/div>\r\n\t\t<\/div>\n\t\t[\/vc_column][\/vc_row]<\/p>\n<\/div>","protected":false},"excerpt":{"rendered":"<p>[vc_row css=&#8221;.vc_custom_1632825320815{padding-top: 110px !important;padding-bottom: 80px !important;}&#8221; row_css_sm=&#8221;.vc_custom_1632825320816{padding-top: 70px !important;padding-bottom: 40px !important;}&#8221;][vc_column][\/vc_column][\/vc_row]<\/p>\n","protected":false},"author":1,"featured_media":0,"parent":0,"menu_order":0,"comment_status":"closed","ping_status":"closed","template":"","meta":{"give_campaign_id":0,"_monsterinsights_skip_tracking":false,"_monsterinsights_sitenote_active":false,"_monsterinsights_sitenote_note":"","_monsterinsights_sitenote_category":0,"footnotes":""},"class_list":["post-151","page","type-page","status-publish","hentry"],"aioseo_notices":[],"campaignId":"","_links":{"self":[{"href":"https:\/\/ceaf.fr\/index.php\/wp-json\/wp\/v2\/pages\/151","targetHints":{"allow":["GET"]}}],"collection":[{"href":"https:\/\/ceaf.fr\/index.php\/wp-json\/wp\/v2\/pages"}],"about":[{"href":"https:\/\/ceaf.fr\/index.php\/wp-json\/wp\/v2\/types\/page"}],"author":[{"embeddable":true,"href":"https:\/\/ceaf.fr\/index.php\/wp-json\/wp\/v2\/users\/1"}],"replies":[{"embeddable":true,"href":"https:\/\/ceaf.fr\/index.php\/wp-json\/wp\/v2\/comments?post=151"}],"version-history":[{"count":6,"href":"https:\/\/ceaf.fr\/index.php\/wp-json\/wp\/v2\/pages\/151\/revisions"}],"predecessor-version":[{"id":3602,"href":"https:\/\/ceaf.fr\/index.php\/wp-json\/wp\/v2\/pages\/151\/revisions\/3602"}],"wp:attachment":[{"href":"https:\/\/ceaf.fr\/index.php\/wp-json\/wp\/v2\/media?parent=151"}],"curies":[{"name":"wp","href":"https:\/\/api.w.org\/{rel}","templated":true}]}}

Départements

<div class="wpb-content-wrapper"><p>[vc_row css=&#8221;.vc_custom_1632825320815{padding-top: 110px !important;padding-bottom: 80px !important;}&#8221; row_css_sm=&#8221;.vc_custom_1632825320816{padding-top: 70px !important;padding-bottom: 40px !important;}&#8221;][vc_column]		<div  class="sigma_service_wrapper sigma-service-1452517203 sigma-shortcode-wrapper service-style-2 service-layout-grid">
			<div class="row">
			<div class="col-xl-4 col-lg-6 col-md-6 col-sm-12">
			  <a href="https://ceaf.fr/index.php/service/formation-et-encadrement-theologiques-des-eglises/" class="sigma_service style-1">
                              <div class="sigma_service-thumb">
                  <i class="flaticon-sermon"></i>
                </div>
                        <div class="sigma_service-body">
              <h5>Formation et Encadrement théologiques des églises</h5>
                        		<p>Accompagner et former les églises pour un service enraciné et éclairé.</p>
          		            </div>
                      </a>
		</div>
				<div class="col-xl-4 col-lg-6 col-md-6 col-sm-12">
			  <a href="https://ceaf.fr/index.php/service/culturel-economique-et-social/" class="sigma_service style-1">
                              <div class="sigma_service-thumb">
                  <i class="flaticon-heart"></i>
                </div>
                        <div class="sigma_service-body">
              <h5>Culturel Economique et Social</h5>
                        		<p>Promouvoir le développement local par la culture, l’économie et le social.</p>
          		            </div>
                      </a>
		</div>
				<div class="col-xl-4 col-lg-6 col-md-6 col-sm-12">
			  <a href="https://ceaf.fr/index.php/service/vie-spirituelle/" class="sigma_service style-1">
                              <div class="sigma_service-thumb">
                  <i class="flaticon-praying"></i>
                </div>
                        <div class="sigma_service-body">
              <h5>Vie Spirituelle</h5>
                        		<p>Favoriser la croissance et l’épanouissement de la foi au sein des communautés.</p>
          		            </div>
                      </a>
		</div>
				<div class="col-xl-4 col-lg-6 col-md-6 col-sm-12">
			  <a href="https://ceaf.fr/index.php/service/evaluation-des-projets-et-fondation-individualisee-ceaf/" class="sigma_service style-1">
                              <div class="sigma_service-thumb">
                  <i class="flaticon-charity"></i>
                </div>
                        <div class="sigma_service-body">
              <h5>Evaluation des Projets et Fondation Individualisée CEAF</h5>
                        		<p>Suivi personnalisé pour garantir la réussite des projets.

</p>
          		            </div>
                      </a>
		</div>
				<div class="col-xl-4 col-lg-6 col-md-6 col-sm-12">
			  <a href="https://ceaf.fr/index.php/service/promotion-de-la-femme/" class="sigma_service style-1">
                              <div class="sigma_service-thumb">
                  <i class="flaticon-sun"></i>
                </div>
                        <div class="sigma_service-body">
              <h5>Promotion de la Femme</h5>
                        		<p>Accompagner les femmes dans leur épanouissement spirituel et leur rôle essentiel au sein de la communauté.</p>
          		            </div>
                      </a>
		</div>
				<div class="col-xl-4 col-lg-6 col-md-6 col-sm-12">
			  <a href="https://ceaf.fr/index.php/service/communication-et-medias/" class="sigma_service style-1">
                              <div class="sigma_service-thumb">
                  <i class="flaticon-email"></i>
                </div>
                        <div class="sigma_service-body">
              <h5>Communication et Médias</h5>
                        		<p>Porter le message de l’Évangile à travers les outils modernes.</p>
          		            </div>
                      </a>
		</div>
				<div class="col-xl-4 col-lg-6 col-md-6 col-sm-12">
			  <a href="https://ceaf.fr/index.php/service/la-jeunesse/" class="sigma_service style-1">
                              <div class="sigma_service-thumb">
                  <i class="flaticon-candles"></i>
                </div>
                        <div class="sigma_service-body">
              <h5>La Jeunesse</h5>
                        		<p>Former une génération enracinée dans la foi et engagée pour l’avenir.</p>
          		            </div>
                      </a>
		</div>
		</div>
		</div>
		[/vc_column][/vc_row]</p>
</div>
